{"id":5,"date":"2022-05-30T11:14:07","date_gmt":"2022-05-30T14:14:07","guid":{"rendered":"http:\/\/deportes.unsa.edu.ar\/?page_id=5"},"modified":"2022-06-01T12:25:19","modified_gmt":"2022-06-01T15:25:19","slug":"inicio","status":"publish","type":"page","link":"https:\/\/deportes.unsa.edu.ar\/","title":{"rendered":"Inicio"},"content":{"rendered":"\n<p>\u00a1Bienvenido a la P\u00e1gina de Direcci\u00f3n F\u00edsica y Deportes de la Universidad Nacional de Salta!<\/p>\n\n\n\n<p>La necesidad de desarrollar en las Universidades programas sobre actividades f\u00edsicas y deportivas, es imperante. Nuestra misi\u00f3n es la incorporaci\u00f3n de h\u00e1bitos sanos, teniendo como principal objetivo las necesidades y motivaciones de los estudiantes como punto de partida; y de esta manera promover, favorecer y perpetuar la intervenci\u00f3n f\u00edsico-deportiva durante toda la vida.<\/p>\n\n\n\n<p>\u00a1S\u00e9 parte!<\/p>\n","protected":false},"excerpt":{"rendered":"<p>\u00a1Bienvenido a la P\u00e1gina de Direcci\u00f3n F\u00edsica y Deportes de la Universidad Nacional de Salta! La necesidad de desarrollar en las Universidades programas sobre actividades f\u00edsicas y deportivas, es imperante. Nuestra misi\u00f3n es la incorporaci\u00f3n de h\u00e1bitos sanos, teniendo como principal objetivo las necesidades y &hellip; <\/p>\n","protected":false},"author":1,"featured_media":0,"parent":0,"menu_order":0,"comment_status":"closed","ping_status":"closed","template":"","meta":{"footnotes":""},"class_list":["post-5","page","type-page","status-publish","hentry"],"_links":{"self":[{"href":"https:\/\/deportes.unsa.edu.ar\/index.php\/wp-json\/wp\/v2\/pages\/5","targetHints":{"allow":["GET"]}}],"collection":[{"href":"https:\/\/deportes.unsa.edu.ar\/index.php\/wp-json\/wp\/v2\/pages"}],"about":[{"href":"https:\/\/deportes.unsa.edu.ar\/index.php\/wp-json\/wp\/v2\/types\/page"}],"author":[{"embeddable":true,"href":"https:\/\/deportes.unsa.edu.ar\/index.php\/wp-json\/wp\/v2\/users\/1"}],"replies":[{"embeddable":true,"href":"https:\/\/deportes.unsa.edu.ar\/index.php\/wp-json\/wp\/v2\/comments?post=5"}],"version-history":[{"count":3,"href":"https:\/\/deportes.unsa.edu.ar\/index.php\/wp-json\/wp\/v2\/pages\/5\/revisions"}],"predecessor-version":[{"id":30,"href":"https:\/\/deportes.unsa.edu.ar\/index.php\/wp-json\/wp\/v2\/pages\/5\/revisions\/30"}],"wp:attachment":[{"href":"https:\/\/deportes.unsa.edu.ar\/index.php\/wp-json\/wp\/v2\/media?parent=5"}],"curies":[{"name":"wp","href":"https:\/\/api.w.org\/{rel}","templated":true}]}}